{"id":150,"date":"2016-03-07T18:22:57","date_gmt":"2016-03-07T18:22:57","guid":{"rendered":"http:\/\/itf-nutrition.com\/itf\/?page_id=150"},"modified":"2016-04-19T08:45:50","modified_gmt":"2016-04-19T08:45:50","slug":"servicio","status":"publish","type":"page","link":"https:\/\/itf-nutrition.com\/itf\/servicio\/","title":{"rendered":"Servicio"},"content":{"rendered":"<h3>Servicio continuado y permanente de asesoramiento t\u00e9cnico<\/h3>\n<p><strong>Estamos cerca de usted<\/strong>. Creemos en el concepto de cercan\u00eda, de rapidez de respuesta y de capacidad de adaptaci\u00f3n a cada caso concreto.<\/p>\n<p><strong>Ofrecemos soluciones<\/strong>. Nuestro objetivo es optimizar la relaci\u00f3n entre los costes de producci\u00f3n y el rendimiento esperado.<\/p>\n<p><img loading=\"lazy\" decoding=\"async\" class=\"alignnone size-full wp-image-13\" src=\"http:\/\/itf-nutrition.com\/itf\/wp-content\/uploads\/2016\/03\/sacos-itf.jpg\" alt=\"sacos-itf\" width=\"2000\" height=\"644\" srcset=\"https:\/\/itf-nutrition.com\/itf\/wp-content\/uploads\/2016\/03\/sacos-itf.jpg 2000w, https:\/\/itf-nutrition.com\/itf\/wp-content\/uploads\/2016\/03\/sacos-itf-300x97.jpg 300w, https:\/\/itf-nutrition.com\/itf\/wp-content\/uploads\/2016\/03\/sacos-itf-768x247.jpg 768w, https:\/\/itf-nutrition.com\/itf\/wp-content\/uploads\/2016\/03\/sacos-itf-1024x330.jpg 1024w\" sizes=\"(max-width: 2000px) 100vw, 2000px\" \/><\/p>\n<h3>ITF ofrece proximidad y personalizaci\u00f3n<\/h3>\n<p>Nuestro concepto de empresa se basa en la relaci\u00f3n con nuestros clientes. Por eso no somos una factor\u00eda centrada en volumen, nuestro objetivo es la calidad y nuestro principal \u00e1mbito de investigaci\u00f3n, elaboraci\u00f3n y seguimiento se focaliza en lechones, campo en el que somos expertos.<\/p>\n<p>En ITF creemos que es esencial <strong>conocer a nuestros clientes<\/strong> y su realidad para poder aportar el m\u00e1ximo valor a\u00f1adido: Hablamos de<strong> Nutrici\u00f3n personalizada<\/strong>.<\/p>\n<p>De esta forma, nuestra relaci\u00f3n de<strong> proximidad con el cliente<\/strong>, nos permite reaccionar de manera inmediata ante cualquier necesidad<\/p>\n<p>Ofrecemos a nuestros clientes <strong>trabajar en equipo<\/strong> para mejorar sus resultados de manera continua El objetivo es ser <strong>mejores y m\u00e1s eficientes cada d\u00eda<\/strong>.<\/p>\n<p>&nbsp;","protected":false},"excerpt":{"rendered":"<p>Servicio continuado y permanente de asesoramiento t\u00e9cnico Estamos cerca de usted. Creemos en el concepto de cercan\u00eda, de rapidez de respuesta y de capacidad de adaptaci\u00f3n a cada caso concreto. Ofrecemos soluciones. Nuestro objetivo es optimizar la relaci\u00f3n entre los &hellip; <a href=\"https:\/\/itf-nutrition.com\/itf\/servicio\/\">Leer m\u00e1s<\/a><\/p>\n","protected":false},"author":1,"featured_media":0,"parent":0,"menu_order":0,"comment_status":"closed","ping_status":"closed","template":"","meta":{"footnotes":""},"acf":[],"_links":{"self":[{"href":"https:\/\/itf-nutrition.com\/itf\/wp-json\/wp\/v2\/pages\/150"}],"collection":[{"href":"https:\/\/itf-nutrition.com\/itf\/wp-json\/wp\/v2\/pages"}],"about":[{"href":"https:\/\/itf-nutrition.com\/itf\/wp-json\/wp\/v2\/types\/page"}],"author":[{"embeddable":true,"href":"https:\/\/itf-nutrition.com\/itf\/wp-json\/wp\/v2\/users\/1"}],"replies":[{"embeddable":true,"href":"https:\/\/itf-nutrition.com\/itf\/wp-json\/wp\/v2\/comments?post=150"}],"version-history":[{"count":12,"href":"https:\/\/itf-nutrition.com\/itf\/wp-json\/wp\/v2\/pages\/150\/revisions"}],"predecessor-version":[{"id":284,"href":"https:\/\/itf-nutrition.com\/itf\/wp-json\/wp\/v2\/pages\/150\/revisions\/284"}],"wp:attachment":[{"href":"https:\/\/itf-nutrition.com\/itf\/wp-json\/wp\/v2\/media?parent=150"}],"curies":[{"name":"wp","href":"https:\/\/api.w.org\/{rel}","templated":true}]}}